by 42.
22
What is the remainder when 156 is divided by 53?
50
Calculate the remainder when 722 is divided by 26.
20
Calculate the remainder when 477 is divided by 66.
15
Calculate the remainder when 211 is divided by 88.
35
Calculate the remainder when 100 is divided by 26.
22
What is the remainder when 745 is divided by 8?
1
Calculate the remainder when 219 is divided by 17.
15
What is the remainder when 134 is divided by 127?
7
What is the remainder when 286 is divided by 32?
30
What is the remainder when 80 is divided by 26?
2
What is the remainder when 115 is divided by 57?
1
Calculate the remainder when 7951 is divided by 82.
79
What is the remainder when 408 is divided by 85?
68
Calculate the remainder when 2047 is divided by 114.
109
What is the remainder when 38 is divided by 21?
17
Calculate the remainder when 121 is divided by 4.
1
What is the remainder when 110 is divided by 85?
25
Calculate the remainder when 3091 is divided by 134.
9
What is the remainder when 172 is divided by 26?
16
What is the remainder when 2614 is divided by 57?
49
What is the remainder when 5777 is divided by 6?
5
Calculate the remainder when 309 is divided by 174.
135
What is the remainder when 124 is divided by 28?
12
Calculate the remainder when 22741 is divided by 9.
7
Calculate the remainder when 330 is divided by 112.
106
Calculate the remainder when 542 is divided by 67.
6
Calculate the remainder when 396 is divided by 219.
177
Calculate the remainder when 7758 is divided by 5.
3
Calculate the remainder when 953 is divided by 291.
80
Calculate the remainder when 627 is divided by 179.
90
Calculate the remainder when 53 is divided by 18.
17
What is the remainder when 3433 is divided by 853?
21
Calculate the remainder when 176 is divided by 18.
14
Calculate the remainder when 1358 is divided by 67.
18
Calculate the remainder when 753 is divided by 20.
13
Calculate the remainder when 1061 is divided by 140.
81
Calculate the remainder when 1351 is divided by 272.
263
Calculate the remainder when 2238 is divided by 64.
62
Calculate the remainder when 347 is divided by 7.
4
Calculate the remainder when 41 is divided by 15.
11
What is the remainder when 1086 is divided by 429?
228
What is the remainder when 1795 is divided by 358?
5
Calculate the remainder when 123 is divided by 21.
18
What is the remainder when 169 is divided by 10?
9
Calculate the remainder when 1824 is divided by 908.
8
What is the remainder when 1397 is divided by 460?
17
Calculate the remainder when 352 is divided by 89.
85
What is the remainder when 471 is divided by 112?
23
What is the remainder when 215 is divided by 171?
44
What is the remainder when 362 is divided by 13?
11
What is the remainder when 76 is divided by 33?
10
What is the remainder when 5290 is divided by 406?
12
What is the remainder when 160 is divided by 29?
15
What is the remainder when 2461 is divided by 4?
1
What is the remainder when 1851 is divided by 923?
5
What is the remainder when 1178 is divided by 78?
8
Calculate the remainder when 64 is divided by 40.
24
What is the remainder when 2693 is divided by 55?
53
What is the remainder when 1182 is divided by 86?
64
What is the remainder when 9183 is divided by 41?
40
What is the remainder when 398 is divided by 10?
8
Calculate the remainder when 552 is divided by 189.
174
Calculate the remainder when 1420 is divided by 67.
13
What is the remainder when 178 is divided by 31?
23
What is the remainder when 1112 is divided by 53?
52
What is the remainder when 568 is divided by 554?
14
What is the remainder when 1155 is divided by 19?
15
Calculate the remainder when 1805 is divided by 450.
5
Calculate the remainder when 729 is divided by 6.
3
What is the remainder when 316 is divided by 79?
0
Calculate the remainder when 323 is divided by 159.
5
Calculate the remainder when 307 is divided by 31.
28
Calculate the remainder when 12107 is divided by 27.
11
Calculate the remainder when 5357 is divided by 19.
18
What is the remainder when 476 is divided by 10?
6
Calculate the remainder when 413 is divided by 23.
22
What is the remainder when 41 is divided by 14?
13
What is the remainder when 577 is divided by 29?
26
Calculate the remainder when 361 is divided by 72.
1
Calculate the remainder when 248 is divided by 25.
23
Calculate the remainder when 621 is divided by 8.
5
What is the remainder when 530 is divided by 38?
36
What is the remainder when 351 is divided by 87?
3
Calculate the remainder when 10085 is divided by 23.
11
Calculate the remainder when 627 is divided by 18.
15
What is the remainder when 64 is divided by 23?
18
What is the remainder when 5742 is divided by 169?
165
Calculate the remainder when 279 is divided by 138.
3
Calculate the remainder when 960 is divided by 50.
10
What is the remainder when 223 is divided by 9?
7
What is the remainder when 587 is divided by 21?
20
What is the remainder when 212 is divided by 212?
0
Calculate the remainder when 77 is divided by 4.
1
What is the remainder when 38 is divided by 23?
15
What is the remainder when 647 is divided by 154?
31
What is the remainder when 6 is divided by 3?
0
What is the remainder when 3768 is divided by 49?
44
What is the remainder when 2430 is divided by 32?
30
Calculate the remainder when 204 is divided by 35.
29
Calculate the remainder when 106 is divided by 91.
15
Calculate the remainder when 1088 is divided by 4.
0
Calculate the remainder when 883 is divided by 108.
19
Calculate the remainder when 686 is divided by 29.
19
Calculate the remainder when 894 is divided by 28.
26
Calculate the remainder when 887 is divided by 179.
171
What is the remainder when 412 is divided by 50?
12
What is the remainder when 309 is divided by 6?
3
What is the remainder when 192 is divided by 97?
95
Calculate the remainder when 52 is divided by 14.
10
Calculate the remainder when 2748 is divided by 22.
20
Calculate the remainder when 1545 is divided by 158.
123
What is the remainder when 655 is divided by 3?
1
What is the remainder when 1185 is divided by 75?
60
Calculate the remainder when 186 is divided by 63.
60
Calculate the remainder when 552 is divided by 55.
2
Calculate the remainder when 2907 is divided by 146.
133
Calculate the remainder when 625 is divided by 17.
13
What is the remainder when 2798 is divided by 88?
70
Calculate the remainder when 369 is divided by 58.
21
Calculate the remainder when 386 is divided by 65.
61
What is the remainder when 91 is divided by 59?
32
Calculate the remainder when 5940 is divided by 238.
228
What is the remainder when 393 is divided by 133?
127
Calculate the remainder when 1720 is divided by 27.
19
Calculate the remainder when 102 is divided by 26.
24
Calculate the remainder when 3430 is divided by 13.
11
Calculate the remainder when 2294 is divided by 380.
14
Calculate the remainder when 1329 is divided by 23.
18
Calculate the remainder when 125 is divided by 63.
62
What is the remainder when 53 is divided by 40?
13
What is the remainder when 4623 is divided by 1537?
12
Calculate the remainder when 151 is divided by 11.
8
What is the remainder when 1378 is divided by 116?
102
What is the remainder when 246 is divided by 12?
6
What is the remainder when 2302 is divided by 8?
6
What is the remainder when 705 is divided by 9?
3
Calculate the remainder when 1748 is divided by 7.
5
What is the remainder when 3312 is divided by 59?
8
What is the remainder when 30 is divided by 13?
4
Calculate the remainder when 77 is divided by 12.
5
What is the remainder when 238 is divided by 16?
14
Calculate the remainder when 307 is divided by 22.
21
What is the remainder when 61 is divided by 11?
6
Calculate the remainder when 2851 is divided by 7.
2
Calculate the remainder when 170 is divided by 77.
16
What is the remainder when 1651 is divided by 19?
17
What is the remainder when 225 is divided by 46?
41
What is the remainder when 333 is divided by 56?
53
Calculate the remainder when 216 is divided by 3.
0
Calculate the remainder when 63 is divided by 11.
8
What is the remainder when 459 is divided by 158?
143
What is the remainder when 1149 is divided by 144?
141
What is the remainder when 1532 is divided by 9?
2
Calculate the remainder when 616 is divided by 12